+ 40*n + 6. Calculate w(-40).
6
Let m(p) = -p**3 - 14*p**2 + 12*p - 40. Calculate m(-15).
5
Let k(z) = -4*z**2 + 23*z + 22. Give k(-1).
-5
Let q(y) = -y + 14. Calculate q(13).
1
Let c(x) = -x**3 + x**2 - 4*x + 9. Determine c(0).
9
Let s(i) = -i - 31. Determine s(-13).
-18
Let p(c) = -2*c + 10. Give p(-9).
28
Let g(v) = -v**2 + 2*v - 3. What is g(2)?
-3
Let o(d) = d**2 + 23*d. Give o(-22).
-22
Let g(l) = -7*l + 1. What is g(0)?
1
Let f(m) = -2*m**2 - 13*m + 4. Determine f(-6).
10
Let c(r) = -r**3 - 13*r**2 + 18*r + 15. Give c(-14).
-41
Let m(n) = 3*n**3 + 5*n**2 + 9*n + 5. Calculate m(-2).
-17
Let z(b) = -b**2 - 10*b - 12. What is z(-10)?
-12
Let s(z) = 4*z**3 + 3*z**2 + 5. Give s(-2).
-15
Let a(u) = -u**3 + 5*u**2 - 7. What is a(5)?
-7
Let m(g) = g**3 + 15*g**2 - 4. Calculate m(-15).
-4
Let u(x) = -4*x**2 + 2. Give u(-3).
-34
Let q(o) = 4*o + 1. Give q(-4).
-15
Let x(o) = 2*o**3 - 28*o**2 + 27*o + 7. What is x(13)?
20
Let v(u) = -u**2 - 10*u + 16. What is v(-14)?
-40
Let d(n) = n - 12. Determine d(9).
-3
Let i(h) = -4*h**2 + 84*h + 6. Determine i(21).
6
Let n(o) = o**3 - 6*o**2 + o - 1. Determine n(6).
5
Let o(p) = p**2 + 17*p + 32. Calculate o(-15).
2
Let x(v) = v**3 + 7*v**2 + v + 1. Give x(-7).
-6
Let u(j) = -j**3 - 5*j**2 + 9*j + 8. What is u(-6)?
-10
Let t(k) = -13*k**3 - 4*k**2 + 6*k - 2. Determine t(1).
-13
Let u(c) = 6*c. Calculate u(-1).
-6
Let a(c) = -2*c**2 - c. Give a(-4).
-28
Let g(o) = o**3 - 13*o**2 - 28*o - 37. Determine g(15).
-7
Let x(s) = 8*s**2 + 2*s - 4. Determine x(2).
32
Let r(j) = j**2 + j + 12. What is r(0)?
12
Let b(o) = o**2 + 2*o - 7. Give b(-7).
28
Let s(p) = 4*p + 3. Determine s(-8).
-29
Let q(r) = r + 15. Determine q(-21).
-6
Let r(t) = -284*t + 1704. What is r(6)?
0
Let a(k) = 4*k - 85. Determine a(18).
-13
Let k(t) = t**2 + 12*t + 5. Calculate k(-6).
-31
Let k(h) = h**3 - 9*h**2 + 2*h - 11. Give k(9).
7
Let q(v) = v - 102. Determine q(32).
-70
Let u(o) = o**2 - 8*o - 5. What is u(5)?
-20
Let i(d) = 3*d + 2. Give i(-7).
-19
Let r(q) = q - 13. What is r(15)?
2
Let l(s) = 16*s**2 + 11*s - 5. Determine l(-4).
207
Let j(z) = -z**3 - 13*z**2 + z + 19. What is j(-13)?
6
Let j(s) = -33*s - 126. What is j(-6)?
72
Let x(f) = f**3 + f**2 - 7*f + 4. What is x(-3)?
7
Let g(q) = q + 11. Calculate g(-17).
-6
Let t(w) = -7*w + 22. Calculate t(4).
-6
Let a(c) = 12*c**2 - 8*c - 9. Give a(-1).
11
Let z(r) = -r + 2. Give z(2).
0
Let y(v) = 13*v - 43. Determine y(4).
9
Let b(j) = -2*j**3 + j**2 + j - 126. Calculate b(0).
-126
Let f(m) = -m**2 + 11*m + 8. What is f(13)?
-18
Let d(t) = -3*t + 27. Calculate d(11).
-6
Let s(b) = -b**3 - 4*b**2 + 3*b - 4. Determine s(-5).
6
Let q(w) = -w**2 - 31*w - 197. Determine q(-22).
1
Let t(a) = a + 2. Calculate t(-11).
-9
Let y(t) = 7*t**2 + 10*t + 7. What is y(-5)?
132
Let z(n) = -n**3 + 4*n**2 + 7*n + 1. Determine z(5).
11
Let j(n) = 8*n**3 + 7*n**2 - 9*n + 2. What is j(1)?
8
Let u(q) = -q**2 - 4*q + 11. Give u(-5).
6
Let l(k) = 2*k**2 - 5*k + 5. What is l(6)?
47
Let j(c) = c**3 - 4*c**2 + 2*c + 3. Give j(3).
0
Let u(m) = -m**3 + 3*m**2 - 2*m - 2. Determine u(3).
-8
Let i(z) = -7*z**2 + 6*z - 5. Determine i(1).
-6
Let x(s) = -s + 1. Determine x(-7).
8
Let d(a) = -a + 6. Determine d(17).
-11
Let j(a) = -4*a + 49. Determine j(17).
-19
Let s(z) = 3*z - 80. Calculate s(28).
4
Let v(y) = -y**2 - 50*y - 299. Determine v(-43).
2
Let k(m) = -m**2 - 7*m - 10. Give k(-4).
2
Let t(k) = 7*k - 16. Calculate t(7).
33
Let p(g) = -g**3 - 8*g**2 + 9*g + 8. Determine p(-9).
8
Let p(x) = x**3 - 6*x**2 - 6*x + 1. Determine p(7).
8
Let o(h) = -2*h**3 - h - 2. Give o(2).
-20
Let y(q) = q**3 + 9*q**2 + q + 18. What is y(-9)?
9
Let n(p) = -p**3 + p**2 + 14*p - 29. Calculate n(2).
-5
Let x(h) = 20*h - 43. Calculate x(5).
57
Let k(h) = h**3 + 10*h**2 - 12*h - 14. What is k(-11)?
-3
Let g(x) = 2*x**2 - 14*x + 50. Calculate g(6).
38
Let u(n) = n**3 - 18*n**2 - 18*n - 17. Give u(19).
2
Let g(p) = p**3 - 25*p**2 - p - 15. Determine g(25).
-40
Let q(f) = f**3 - 2*f**2 - f + 5. Give q(4).
33
Let p(d) = 6*d**2 + 9*d - 10. Give p(1).
5
Let d(k) = -5*k + 7. What is d(-5)?
32
Let o(c) = 3*c - 10. Give o(7).
11
Let s(f) = f**2 - 13*f + 3. Give s(12).
-9
Let u(f) = -2*f**2 - 4*f + 29. Determine u(-5).
-1
Let r(g) = 9*g - 7. Determine r(0).
-7
Let o(g) = -g**3 + 17*g**2 + 15*g + 36. Give o(18).
-18
Let y(x) = 2*x**3 - 3*x**2 + x - 1. What is y(3)?
29
Let r(h) = -13*h**2 + 3. Determine r(-1).
-10
Let a(f) = -3*f**2 + 58*f + 10. Give a(19).
29
Let o(h) = -2*h**2 + 2*h + 67. Determine o(-5).
7
Let h(k) = k**3 - 14*k**2 + 3*k + 1. Give h(14).
43
Let b(o) = 33*o - 5. Calculate b(2).
61
Let r(x) = -x**2 + 13*x - 14. Calculate r(12).
-2
Let w(j) = -j + 6. Determine w(3).
3
Let j(o) = -o**2 - 17*o + 15. Calculate j(-19).
-23
Let x(y) = 5*y + 10. Calculate x(3).
25
Let v(z) = z**3 + 3*z**2 - 8*z. Give v(-5).
-10
Let q(z) = 6*z**3 - 2*z - 2. What is q(-1)?
-6
Let p(c) = c**3 + 3*c**2 + 2*c - 1. Determine p(-2).
-1
Let n(q) = 2*q**3 + 151*q**2 - 77*q - 78. Determine n(-76).
-2
Let a(h) = 3*h + 136. What is a(-47)?
-5
Let u(g) = g**3 - 5*g**2 - 11*g. Determine u(7).
21
Let k(c) = c**2 - 2*c - 6. Give k(-4).
18
Let i(v) = -3*v**2 + 2*v + 3. Calculate i(3).
-18
Let p(i) = 2*i**2 - 22*i + 22. What is p(10)?
2
Let o(g) = -4*g + 5. Determine o(2).
-3
Let v(o) = -o**2 + o + 20. What is v(0)?
20
Let y(s) = s**2 + 29*s + 134. Determine y(-7).
-20
Let v(p) = -p**2 - 11*p - 2. Give v(-6).
28
Let x(m) = -21*m + 14. What is x(4)?
-70
Let o(z) = z**3 - 13*z**2 + z - 16. Calculate o(13).
-3
Let t(u) = u**2 - 22*u + 23. Give t(21).
2
Let v(n) = n**2 + 12*n + 9. Give v(-11).
-2
Let f(s) = -2*s**2 + 55*s - 62. Determine f(26).
16
Let g(i) = -4*i**3 + i**2 + 6*i - 21. Give g(3).
-102
Let q(b) = 17*b + 74. What is q(-4)?
6
Let h(d) = -d + 29. Calculate h(32).
-3
Let g(t) = t**2 + t - 9. Give g(0).
-9
Let t(g) = g**3 + 13*g**2 + 14*g - 9. Calculate t(-12).
-33
Let c(q) = -q**2 + 10*q - 7. What is c(6)?
17
Let w(q) = 7*q + 51. What is w(-9)?
-12
Let p(l) = -l**3 - 21*l**2 - 23*l - 42. Calculate p(-20).
18
Let s(m) = -6*m + 42. Give s(7).
0
Let m(n) = n**3 + n**2 - 9*n + 32. Give m(-5).
-23
Let w(h) = 2*h**2 + 3*h - 1. Give w(3).
26
Let w(d) = -d - 16. Determine w(-10).
-6
Let w(k) = 15*k + 18. Give w(-8).
-102
Let z(o) = -18*o + 395. Determine z(22).
-1
Let k(o) = o**3 - 15*o**2 + 4*o - 11. What is k(15)?
49
Let s(n) = 2*n**2 - 33*n + 4. Determine s(15).
-41
Let g(n) = -n**3 + 6*n**2 + 8*n - 5. Give g(7).
2
Let p(h) = h + 6. Calculate p(-14).
-8
Let r(j) = 9*j - 19. Give r(10).
71
Let t(p) = -p**3 + 10*p**2 + 14*p - 4. What is t(11)?
29
Let c(q) = q**3 - 4*q**2 + q + 1. Give c(3).
-5
Let u(p) = 2*p + 1. Calculate u(7).
15
Let v(r) = 3*r + 116. Determine v(-32).
20
Let s(m) = m + 12. What is s(-8)?
4
Let r(k) = k - 4. What is r(9)?
5
Let b(g) = -3*g + 9. Calculate b(9).
-18
Let d(h) = 3*h - 49. Determine d(13).
-10
Let j(z) = -z**2 - 2*z + 8. What is j(3)?
-7
Let o(r) = r**2 - 15*r + 11. Calculate o(13).
-15
Let b(l) = 7*l - 11. Calculate b(2).
3
Let w(b) = b**3 - 3*b**2 - 13*b - 7. Calculate w(6).
23
Let w(j) = -j**3 - 4*j**2 + 2*j + 1. What is w(2)?
-19
Let f(n) = 4*n**2 - 5*n - 1. Determine f(-1).
8
Let t(o) = 8*o - 3. Give t(2).
13
Let m(u) = -u**2 - 3*u - 4. Determine m(-2).
-2
Let p(s) = -s + 4. Calculate p(-7).
11
Let f(s) = -s. What is f(0)?
0
Let h(t) = t**3 - 6*t**2 + t + 3. Determine h(6).
9
Let m(g) = -g**3 + 17*g**2 + 14*g + 8. What is m(18)?
-64
Let j(a) = 2*a + 4. Calculate j(-2).
0
Let p(c) = -30*c + 5. Determine p(1).
-25
Let v(m) = m**2 - 15*m + 27. Give v(11).
-17
Let p(f) = 4*f**2 - 209*f + 43. What is p(52)?
-9
Let w(r) = r + 19. Give w(-12).
7
Let c(q) = -21*q - 223. Calculate c(-10).
-13
Let c(t) = -t**3 - 3*t**2 + 3*t + 2. Calculate c(-3).
-7
Let s(b) = 6*b**2 - b + 4. Calculate s(2).
26
Let l(f) = -f**2 + 9*f + 16. Determine l(9).
16
Let j(s) = 11*s**2 + 342*s + 29. Calculate j(-31).
-2
Let l(w) = -2*w - 20. Calculate l(-9).
-2
Let p(h) = -h**3 - 10*h**2 + 2*h + 18. Give p(-10).
-2
Let u(s) = s**3 - s + 2. Determine u(-3).
-22
Let d(p) = -5*p**2 + 39*p - 14. What is d(7)?
14
Let a(i) = -i**2 - 15*i. What is a(-11)?
44
Let v(d) = -4*d - 66. Give v(-10).
-26
Let p(x) = 71*x - 2. Give p(0).
-2
Let v(c) = -c**3 + 3*c**2 + 4*c - 1. Determine